{"id":33,"date":"2016-06-17T11:15:32","date_gmt":"2016-06-17T10:15:32","guid":{"rendered":"http:\/\/www.cittadella.cz\/new\/?page_id=33"},"modified":"2021-11-29T12:53:38","modified_gmt":"2021-11-29T11:53:38","slug":"o-cittadelle","status":"publish","type":"page","link":"https:\/\/www.cittadella.cz\/new\/o-cittadelle\/","title":{"rendered":"O Cittadelle"},"content":{"rendered":"<div id=\"pl-33\"  class=\"panel-layout\" ><div id=\"pg-33-0\"  class=\"panel-grid panel-has-style\" ><div class=\"panel-row-style panel-row-style-for-33-0\" ><div id=\"pgc-33-0-0\"  class=\"panel-grid-cell\" ><div id=\"panel-33-0-0-0\" class=\"so-panel widget widget_sow-editor panel-first-child panel-last-child\" data-index=\"0\" ><div class=\"panel-widget-style panel-widget-style-for-33-0-0-0\" ><div\n\t\t\t\n\t\t\tclass=\"so-widget-sow-editor so-widget-sow-editor-base\"\n\t\t\t\n\t\t>\n<div class=\"siteorigin-widget-tinymce textwidget\">\n\t<h2 style=\"text-align: center; margin-top: 0px; color: #fff;\">O CITTADELLE<\/h2>\n<\/div>\n<\/div><\/div><\/div><\/div><\/div><\/div><div id=\"pg-33-1\"  class=\"panel-grid panel-has-style\" ><div class=\"fixedrow siteorigin-panels-stretch panel-row-style panel-row-style-for-33-1\" style=\"background-color: #f4f4f4; \" id=\"motto\" data-stretch-type=\"full\" ><div id=\"pgc-33-1-0\"  class=\"panel-grid-cell\" ><div id=\"panel-33-1-0-0\" class=\"so-panel widget widget_sow-editor panel-first-child panel-last-child\" data-index=\"1\" ><div class=\"center_text panel-widget-style panel-widget-style-for-33-1-0-0\" ><div\n\t\t\t\n\t\t\tclass=\"so-widget-sow-editor so-widget-sow-editor-base\"\n\t\t\t\n\t\t>\n<div class=\"siteorigin-widget-tinymce textwidget\">\n\t<p>Jsme sdru\u017een\u00edm lid\u00ed, kte\u0159\u00ed se od poloviny devades\u00e1t\u00fdch let spole\u010dn\u011b zab\u00fdvaj\u00ed tvorbou videa, internetov\u00fdch a multimedi\u00e1ln\u00edch aplikac\u00ed. Pozd\u011bji jsme se pustili, \u010dasto na p\u0159\u00e1n\u00ed na\u0161ich z\u00e1kazn\u00edk\u016f, do tvorby profesion\u00e1ln\u00edch fotografi\u00ed, grafiky a p\u0159\u00edpravy ti\u0161t\u011bn\u00fdch publikac\u00ed.<\/p>\n<p><strong>K\u00a0na\u0161im\u00a0klient\u016fm pat\u0159\u00ed st\u00e1tn\u00ed organizace, instituce v\u011bdy a vzd\u011bl\u00e1v\u00e1n\u00ed, \u010desk\u00e9\u00a0i zahrani\u010dn\u00ed v\u00fdrobn\u00ed a technologick\u00e9 spole\u010dnosti, a tak\u00e9 neziskov\u00e9 organizace.<\/strong><\/p>\n<\/div>\n<\/div><\/div><\/div><\/div><\/div><\/div><div id=\"pg-33-2\"  class=\"panel-grid panel-has-style\" ><div class=\"fixedrow2 siteorigin-panels-stretch panel-row-style panel-row-style-for-33-2\" id=\"services\" data-stretch-type=\"full-stretched\" ><div id=\"pgc-33-2-0\"  class=\"panel-grid-cell\" ><div id=\"panel-33-2-0-0\" class=\"so-panel widget widget_sow-editor panel-first-child panel-last-child\" data-index=\"2\" ><div class=\"panel-widget-style panel-widget-style-for-33-2-0-0\" ><div\n\t\t\t\n\t\t\tclass=\"so-widget-sow-editor so-widget-sow-editor-base\"\n\t\t\t\n\t\t>\n<div class=\"siteorigin-widget-tinymce textwidget\">\n\t<p>Disponujeme komplexn\u00edm z\u00e1zem\u00edm pro tvorbu v\u00fd\u0161e uveden\u00fdch produkt\u016f: kamerov\u00e9 \u0161t\u00e1by a postproduk\u010dn\u00ed studia na \u0161pi\u010dkov\u00e9 profesion\u00e1ln\u00ed \u00farovni, grafick\u00e1 a softwarov\u00e1 pracovi\u0161t\u011b. Kmenov\u00e9 i \u0161ir\u0161\u00ed z\u00e1zem\u00ed tvo\u0159\u00ed sc\u00e9n\u00e1rist\u00e9, re\u017eis\u00e9\u0159i, kameramani, st\u0159iha\u010di, fotografov\u00e9, grafici a program\u00e1to\u0159i.<\/p>\n<\/div>\n<\/div><\/div><\/div><\/div><div id=\"pgc-33-2-1\"  class=\"panel-grid-cell\" ><div id=\"panel-33-2-1-0\" class=\"so-panel widget widget_sow-editor panel-first-child panel-last-child\" data-index=\"3\" ><div class=\"panel-widget-style panel-widget-style-for-33-2-1-0\" ><div\n\t\t\t\n\t\t\tclass=\"so-widget-sow-editor so-widget-sow-editor-base\"\n\t\t\t\n\t\t>\n<div class=\"siteorigin-widget-tinymce textwidget\">\n\t<p>Nab\u00edz\u00edme kompletn\u00ed zpracov\u00e1n\u00ed audiovizu\u00e1ln\u00edho, multimedi\u00e1ln\u00edho \u010di ti\u0161t\u011bn\u00e9ho d\u00edla i dal\u0161\u00ed slu\u017eby s n\u00edm spojen\u00e9, cizojazy\u010dn\u00e9 verze (rodil\u00ed mluv\u010d\u00ed), \u010desk\u00e9 koment\u00e1\u0159e zn\u00e1m\u00fdch osobnost\u00ed (herci, moder\u00e1to\u0159i), aktualizace a \u00fapravy film\u016f a multim\u00e9di\u00ed, leteck\u00e9 nat\u00e1\u010den\u00ed, nat\u00e1\u010den\u00ed dronem, po\u010d\u00edta\u010dov\u00e9 animace a vizualizace, upgrade a spr\u00e1va webov\u00fdch str\u00e1nek.<\/p>\n<\/div>\n<\/div><\/div><\/div><\/div><div id=\"pgc-33-2-2\"  class=\"panel-grid-cell\" ><div id=\"panel-33-2-2-0\" class=\"so-panel widget widget_sow-editor panel-first-child panel-last-child\" data-index=\"4\" ><div class=\"panel-widget-style panel-widget-style-for-33-2-2-0\" ><div\n\t\t\t\n\t\t\tclass=\"so-widget-sow-editor so-widget-sow-editor-base\"\n\t\t\t\n\t\t>\n<div class=\"siteorigin-widget-tinymce textwidget\">\n\t<p>Produk\u010dn\u00ed mo\u017enosti zpracov\u00e1n\u00ed audiovizu\u00e1ln\u00edch prezentac\u00ed, webov\u00fdch str\u00e1nek nebo prezenta\u010dn\u00edch tiskovin jsou \u0161irok\u00e9: forma zpracov\u00e1n\u00ed se zam\u011b\u0159en\u00edm na c\u00edlov\u00e9 skupiny, u\u017eit\u00ed audiovizu\u00e1ln\u00ed techniky, grafick\u00fd a anima\u010dn\u00ed software atd.<br \/> Z\u00e1le\u017e\u00ed tak\u00e9 na Va\u0161ich konkr\u00e9tn\u00edch po\u017eadavc\u00edch, jako jsou lokality nat\u00e1\u010den\u00ed, cizojazy\u010dn\u00e9 verze, rozsah a forma u\u017eit\u00ed po\u010d\u00edta\u010dov\u00e9 grafiky a animac\u00ed apod.<\/p>\n<\/div>\n<\/div><\/div><\/div><\/div><\/div><\/div><div id=\"pg-33-3\"  class=\"panel-grid panel-has-style\" ><div class=\"fixedrow siteorigin-panels-stretch panel-row-style panel-row-style-for-33-3\" style=\"background-color: #f2f2f2; \" id=\"ocittadelle\" data-stretch-type=\"full\" ><div id=\"pgc-33-3-0\"  class=\"panel-grid-cell\" ><div id=\"panel-33-3-0-0\" class=\"so-panel widget widget_sow-editor panel-first-child panel-last-child\" data-index=\"5\" ><div class=\"panel-widget-style panel-widget-style-for-33-3-0-0\" ><div\n\t\t\t\n\t\t\tclass=\"so-widget-sow-editor so-widget-sow-editor-base\"\n\t\t\t\n\t\t>\n<div class=\"siteorigin-widget-tinymce textwidget\">\n\t<h3 style=\"text-align: center; margin-top: 15px; font-size: 2.7em;\">filmy, tiskoviny, multim\u00e9dia na kl\u00ed\u010d<\/h3>\n<\/div>\n<\/div><\/div><\/div><\/div><\/div><\/div><div id=\"pg-33-4\"  class=\"panel-grid panel-has-style\" ><div class=\"fixedrow2 siteorigin-panels-stretch panel-row-style panel-row-style-for-33-4\" id=\"services\" data-stretch-type=\"full-stretched\" ><div id=\"pgc-33-4-0\"  class=\"panel-grid-cell\" ><div id=\"panel-33-4-0-0\" class=\"so-panel widget widget_sow-editor panel-first-child panel-last-child\" data-index=\"6\" ><div class=\"panel-widget-style panel-widget-style-for-33-4-0-0\" ><div\n\t\t\t\n\t\t\tclass=\"so-widget-sow-editor so-widget-sow-editor-base\"\n\t\t\t\n\t\t>\n<div class=\"siteorigin-widget-tinymce textwidget\">\n\t<p>Tyto produkty mohou b\u00fdt vyu\u017e\u00edv\u00e1ny tolika zp\u016fsoby, \u017ee by si to zaslou\u017eilo svoji vlastn\u00ed kapitolu. V\u017edy je v\u0161ak d\u016fle\u017eit\u00e9, za jak\u00fdch podm\u00ednek bude Va\u0161e d\u00edlo vznikat.<\/p>\n<p>Na\u0161e sdru\u017een\u00ed Cittadella je schopno, d\u00edky \u0161pi\u010dkov\u00e9mu profesion\u00e1ln\u00edmu vybaven\u00ed, v\u00edce ne\u017e dvacetilet\u00fdm zku\u0161enostem cel\u00e9ho tv\u016fr\u010d\u00edho t\u00fdmu i \u0161irok\u00e9mu z\u00e1b\u011bru externist\u016f zajistit optim\u00e1ln\u00ed zpracov\u00e1n\u00ed uveden\u00fdch produkt\u016f v \u0161irok\u00e9m spektru nab\u00eddky.<\/p>\n<\/div>\n<\/div><\/div><\/div><\/div><div id=\"pgc-33-4-1\"  class=\"panel-grid-cell\" ><div id=\"panel-33-4-1-0\" class=\"so-panel widget widget_sow-editor panel-first-child panel-last-child\" data-index=\"7\" ><div class=\"panel-widget-style panel-widget-style-for-33-4-1-0\" ><div\n\t\t\t\n\t\t\tclass=\"so-widget-sow-editor so-widget-sow-editor-base\"\n\t\t\t\n\t\t>\n<div class=\"siteorigin-widget-tinymce textwidget\">\n\t<p>Nato\u010dili jsme ji\u017e n\u011bkolik stovek projekt\u016f od kr\u00e1tk\u00fdch videofilm\u016f, polo-hran\u00fdch dokument\u016f a\u017e k\u00a0reklamn\u00edm spot\u016fm. Internetov\u00e9 a multimedi\u00e1ln\u00ed aplikace realizujeme s mnohaletou znalost\u00ed technologi\u00ed a trend\u016f. Na\u0161i fotografov\u00e9 a grafici p\u0159iprav\u00ed n\u00e1vrhy, kter\u00e9 V\u00e1s mohou uspokojit jak pocitov\u011b a esteticky, tak odborn\u011b a technicky.<\/p>\n<\/div>\n<\/div><\/div><\/div><\/div><div id=\"pgc-33-4-2\"  class=\"panel-grid-cell\" ><div id=\"panel-33-4-2-0\" class=\"so-panel widget widget_sow-editor panel-first-child panel-last-child\" data-index=\"8\" ><div class=\"panel-widget-style panel-widget-style-for-33-4-2-0\" ><div\n\t\t\t\n\t\t\tclass=\"so-widget-sow-editor so-widget-sow-editor-base\"\n\t\t\t\n\t\t>\n<div class=\"siteorigin-widget-tinymce textwidget\">\n\t<p>V dal\u0161\u00edch rubrik\u00e1ch na\u0161eho webu se m\u016f\u017eete sezn\u00e1mit s na\u0161imi referencemi, prohl\u00e9dnout si realizovan\u00e9 filmy, weby, fotografie, tiskoviny, a v\u00edce se tak informovat o na\u0161\u00ed produkci.<\/p>\n<p>&nbsp;<\/p>\n<p>D\u00edlo bude v\u017edy v\u00fdsledkem na\u0161\u00ed \u00fazk\u00e9 spolupr\u00e1ce.<\/p>\n<p>&nbsp;<\/p>\n<p>&nbsp;<\/p>\n<p>&nbsp;<\/p>\n<p>Zden\u011bk Hrom\u00e1dko a t\u00fdm Cittadella<\/p>\n<\/div>\n<\/div><\/div><\/div><\/div><\/div><\/div><div id=\"pg-33-5\"  class=\"panel-grid panel-has-style\" ><div class=\"fixedrow siteorigin-panels-stretch panel-row-style panel-row-style-for-33-5\" style=\"background-color: #f2f2f2; \" id=\"ocittadelle\" data-stretch-type=\"full\" ><div id=\"pgc-33-5-0\"  class=\"panel-grid-cell\" ><div id=\"panel-33-5-0-0\" class=\"so-panel widget widget_sow-editor panel-first-child panel-last-child\" data-index=\"9\" ><div class=\"panel-widget-style panel-widget-style-for-33-5-0-0\" ><div\n\t\t\t\n\t\t\tclass=\"so-widget-sow-editor so-widget-sow-editor-base\"\n\t\t\t\n\t\t>\n<div class=\"siteorigin-widget-tinymce textwidget\">\n\t<h3 style=\"text-align: center; margin-top: 15px; font-size: 2.7em; margin-bottom: 0px; line-height: 50px;\">t\u011b\u0161\u00edme se na p\u0159\u00edpadnou spolupr\u00e1ci, vyjdeme V\u00e1m vst\u0159\u00edc ve v\u0161ech konkr\u00e9tn\u00edch po\u017eadavc\u00edch<\/h3>\n<\/div>\n<\/div><\/div><\/div><\/div><\/div><\/div><div id=\"pg-33-6\"  class=\"panel-grid panel-has-style\" ><div class=\"fixedrow2 siteorigin-panels-stretch panel-row-style panel-row-style-for-33-6\" id=\"fotop\" data-stretch-type=\"full-stretched\" ><div id=\"pgc-33-6-0\"  class=\"panel-grid-cell\" ><div class=\"fotobox panel-cell-style panel-cell-style-for-33-6-0\" ><div id=\"panel-33-6-0-0\" class=\"so-panel widget widget_sow-image panel-first-child\" data-index=\"10\" ><div class=\"panel-widget-style panel-widget-style-for-33-6-0-0\" ><div\n\t\t\t\n\t\t\tclass=\"so-widget-sow-image so-widget-sow-image-default-8b5b6f678277-33\"\n\t\t\t\n\t\t><\/div><\/div><\/div><div id=\"panel-33-6-0-1\" class=\"so-panel widget widget_sow-image panel-last-child\" data-index=\"11\" ><div class=\"panel-widget-style panel-widget-style-for-33-6-0-1\" ><div\n\t\t\t\n\t\t\tclass=\"so-widget-sow-image so-widget-sow-image-default-8b5b6f678277-33\"\n\t\t\t\n\t\t><\/div><\/div><\/div><\/div><\/div><div id=\"pgc-33-6-1\"  class=\"panel-grid-cell\" ><div class=\"fotobox panel-cell-style panel-cell-style-for-33-6-1\" ><div id=\"panel-33-6-1-0\" class=\"so-panel widget widget_sow-image panel-first-child\" data-index=\"12\" ><div class=\"panel-widget-style panel-widget-style-for-33-6-1-0\" ><div\n\t\t\t\n\t\t\tclass=\"so-widget-sow-image so-widget-sow-image-default-8b5b6f678277-33\"\n\t\t\t\n\t\t><\/div><\/div><\/div><div id=\"panel-33-6-1-1\" class=\"so-panel widget widget_sow-image panel-last-child\" data-index=\"13\" ><div class=\"panel-widget-style panel-widget-style-for-33-6-1-1\" ><div\n\t\t\t\n\t\t\tclass=\"so-widget-sow-image so-widget-sow-image-default-8b5b6f678277-33\"\n\t\t\t\n\t\t><\/div><\/div><\/div><\/div><\/div><div id=\"pgc-33-6-2\"  class=\"panel-grid-cell\" ><div class=\"fotobox panel-cell-style panel-cell-style-for-33-6-2\" ><div id=\"panel-33-6-2-0\" class=\"so-panel widget widget_sow-image panel-first-child\" data-index=\"14\" ><div class=\"panel-widget-style panel-widget-style-for-33-6-2-0\" ><div\n\t\t\t\n\t\t\tclass=\"so-widget-sow-image so-widget-sow-image-default-8b5b6f678277-33\"\n\t\t\t\n\t\t><\/div><\/div><\/div><div id=\"panel-33-6-2-1\" class=\"so-panel widget widget_sow-image panel-last-child\" data-index=\"15\" ><div class=\"panel-widget-style panel-widget-style-for-33-6-2-1\" ><div\n\t\t\t\n\t\t\tclass=\"so-widget-sow-image so-widget-sow-image-default-8b5b6f678277-33\"\n\t\t\t\n\t\t><\/div><\/div><\/div><\/div><\/div><div id=\"pgc-33-6-3\"  class=\"panel-grid-cell\" ><div class=\"fotobox panel-cell-style panel-cell-style-for-33-6-3\" ><div id=\"panel-33-6-3-0\" class=\"so-panel widget widget_sow-image panel-first-child\" data-index=\"16\" ><div class=\"panel-widget-style panel-widget-style-for-33-6-3-0\" ><div\n\t\t\t\n\t\t\tclass=\"so-widget-sow-image so-widget-sow-image-default-8b5b6f678277-33\"\n\t\t\t\n\t\t><\/div><\/div><\/div><div id=\"panel-33-6-3-1\" class=\"so-panel widget widget_sow-image panel-last-child\" data-index=\"17\" ><div class=\"panel-widget-style panel-widget-style-for-33-6-3-1\" ><div\n\t\t\t\n\t\t\tclass=\"so-widget-sow-image so-widget-sow-image-default-8b5b6f678277-33\"\n\t\t\t\n\t\t><\/div><\/div><\/div><\/div><\/div><div id=\"pgc-33-6-4\"  class=\"panel-grid-cell\" ><div class=\"fotobox panel-cell-style panel-cell-style-for-33-6-4\" ><div id=\"panel-33-6-4-0\" class=\"so-panel widget widget_sow-image panel-first-child\" data-index=\"18\" ><div class=\"panel-widget-style panel-widget-style-for-33-6-4-0\" ><div\n\t\t\t\n\t\t\tclass=\"so-widget-sow-image so-widget-sow-image-default-8b5b6f678277-33\"\n\t\t\t\n\t\t><\/div><\/div><\/div><div id=\"panel-33-6-4-1\" class=\"so-panel widget widget_sow-image panel-last-child\" data-index=\"19\" ><div class=\"panel-widget-style panel-widget-style-for-33-6-4-1\" ><div\n\t\t\t\n\t\t\tclass=\"so-widget-sow-image so-widget-sow-image-default-8b5b6f678277-33\"\n\t\t\t\n\t\t><\/div><\/div><\/div><\/div><\/div><\/div><\/div><\/div>","protected":false},"excerpt":{"rendered":"<p>O CITTADELLE Jsme sdru\u017een\u00edm lid\u00ed, kte\u0159\u00ed se od poloviny devades\u00e1t\u00fdch let spole\u010dn\u011b zab\u00fdvaj\u00ed tvorbou videa, internetov\u00fdch a multimedi\u00e1ln\u00edch aplikac\u00ed. Pozd\u011bji jsme se pustili, \u010dasto na p\u0159\u00e1n\u00ed na\u0161ich z\u00e1kazn\u00edk\u016f, do tvorby profesion\u00e1ln\u00edch fotografi\u00ed, grafiky a p\u0159\u00edpravy ti\u0161t\u011bn\u00fdch publikac\u00ed. K\u00a0na\u0161im\u00a0klient\u016fm pat\u0159\u00ed st\u00e1tn\u00ed organizace, instituce v\u011bdy a vzd\u011bl\u00e1v\u00e1n\u00ed, \u010desk\u00e9\u00a0i zahrani\u010dn\u00ed v\u00fdrobn\u00ed a technologick\u00e9 spole\u010dnosti, a tak\u00e9 neziskov\u00e9 organizace.<\/p>\n","protected":false},"author":1,"featured_media":0,"parent":0,"menu_order":1,"comment_status":"closed","ping_status":"closed","template":"templates\/template-full-notitle.php","meta":{"ngg_post_thumbnail":0,"footnotes":""},"_links":{"self":[{"href":"https:\/\/www.cittadella.cz\/new\/wp-json\/wp\/v2\/pages\/33"}],"collection":[{"href":"https:\/\/www.cittadella.cz\/new\/wp-json\/wp\/v2\/pages"}],"about":[{"href":"https:\/\/www.cittadella.cz\/new\/wp-json\/wp\/v2\/types\/page"}],"author":[{"embeddable":true,"href":"https:\/\/www.cittadella.cz\/new\/wp-json\/wp\/v2\/users\/1"}],"replies":[{"embeddable":true,"href":"https:\/\/www.cittadella.cz\/new\/wp-json\/wp\/v2\/comments?post=33"}],"version-history":[{"count":160,"href":"https:\/\/www.cittadella.cz\/new\/wp-json\/wp\/v2\/pages\/33\/revisions"}],"predecessor-version":[{"id":1115,"href":"https:\/\/www.cittadella.cz\/new\/wp-json\/wp\/v2\/pages\/33\/revisions\/1115"}],"wp:attachment":[{"href":"https:\/\/www.cittadella.cz\/new\/wp-json\/wp\/v2\/media?parent=33"}],"curies":[{"name":"wp","href":"https:\/\/api.w.org\/{rel}","templated":true}]}}